posite number?
True
Is 299638387 composite?
False
Is 160506169 a prime number?
False
Is 2305661 composite?
True
Is 45837193 prime?
True
Is 3209863 a composite number?
True
Is 20569831 a prime number?
False
Is 6412313 a prime number?
True
Is 12974141 a composite number?
True
Is 3977759 composite?
True
Is 2420537 a prime number?
False
Is 754265789 a prime number?
True
Is 52745023 prime?
False
Is 16360519 a prime number?
False
Is 12795049 a prime number?
False
Is 836471 a prime number?
True
Is 73999 prime?
True
Is 184607 a prime number?
True
Is 37645513 a prime number?
True
Is 358415681 composite?
True
Is 34269143 a composite number?
True
Is 125374273 a prime number?
False
Is 188827 composite?
False
Is 1238491 a composite number?
False
Is 1707059 composite?
True
Is 59557961 prime?
True
Is 1542729 prime?
False
Is 343446743 composite?
False
Is 25664321 prime?
True
Is 165771413 composite?
False
Is 1141048919 prime?
False
Is 6854713 composite?
True
Is 9122231 a composite number?
False
Is 818491 composite?
True
Is 1960051 prime?
True
Is 157667117 composite?
False
Is 42131 composite?
False
Is 559126934 a prime number?
False
Is 10467377 prime?
True
Is 3592969 composite?
False
Is 63485629 a prime number?
True
Is 386713 composite?
False
Is 6884789 composite?
False
Is 946913 a prime number?
False
Is 21761699 composite?
False
Is 1382467 composite?
True
Is 3135443 a prime number?
True
Is 898361 a prime number?
True
Is 9353033 composite?
False
Is 40934651 a composite number?
False
Is 17628187 composite?
False
Is 3519363 prime?
False
Is 66350549 composite?
True
Is 7373607 prime?
False
Is 5370941 a prime number?
True
Is 2035214 prime?
False
Is 149933 composite?
True
Is 16831937 a prime number?
True
Is 4206437 a prime number?
False
Is 21469021 a composite number?
True
Is 371291 a composite number?
False
Is 1889551 prime?
True
Is 38915809 prime?
False
Is 5989127 prime?
True
Is 282873769 a prime number?
False
Is 12714193 prime?
False
Is 20369 a prime number?
True
Is 2623601 a composite number?
True
Is 30595891 composite?
False
Is 22902589 a composite number?
False
Is 71862631 a prime number?
True
Is 9984467 prime?
False
Is 2665049 a composite number?
True
Is 59998837 a prime number?
False
Is 1734827 a prime number?
True
Is 1160279 prime?
True
Is 533279117 composite?
True
Is 298282333 a prime number?
True
Is 716153 prime?
False
Is 14785921 a composite number?
False
Is 2343323 a composite number?
True
Is 2108321 a prime number?
False
Is 12309877 a prime number?
True
Is 8589803 a composite number?
True
Is 10584517 a prime number?
True
Is 118843 prime?
True
Is 2922893 a composite number?
False
Is 1067617 a prime number?
False
Is 8353 a composite number?
False
Is 129543031 a prime number?
False
Is 100687559 a composite number?
True
Is 24176509 composite?
True
Is 119591167 a prime number?
True
Is 46189469 composite?
False
Is 186313033 a composite number?
True
Is 6152047 a composite number?
True
Is 25512761 composite?
True
Is 195211307 a prime number?
False
Is 17649971 composite?
True
Is 3567149 a composite number?
False
Is 1793821 a prime number?
False
Is 1481377 a composite number?
False
Is 373534519 prime?
True
Is 2029343 composite?
True
Is 159564331 a prime number?
True
Is 2589161 a prime number?
True
Is 78780759 a composite number?
True
Is 5259017 a composite number?
True
Is 8100629 composite?
False
Is 197324971 a prime number?
False
Is 3380969 composite?
False
Is 3804893 composite?
False
Is 94565399 prime?
True
Is 17580763 prime?
False
Is 16724663 a composite number?
False
Is 6004837 prime?
True
Is 1593061 a composite number?
False
Is 37964527 prime?
False
Is 186296797 a prime number?
True
Is 47881123 a composite number?
True
Is 3049378 composite?
True
Is 2229209 a composite number?
True
Is 1648639 composite?
True
Is 13273133 a prime number?
True
Is 9385511 a composite number?
False
Is 20378639 a composite number?
False
Is 42526279 a prime number?
True
Is 24502283 prime?
False
Is 31809571 prime?
True
Is 40365743 a prime number?
False
Is 12384173 a composite number?
True
Is 5795813 prime?
True
Is 6796273 a composite number?
True
Is 654431 a composite number?
True
Is 17481137 prime?
True
Is 70688639 prime?
False
Is 23317703 composite?
False
Is 269646847 a composite number?
False
Is 1245787 a prime number?
False
Is 41159449 a composite number?
True
Is 36114373 a prime number?
True
Is 7611299 a composite number?
True
Is 98081 prime?
True
Is 130042219 a prime number?
False
Is 102848441 prime?
False
Is 5031229 prime?
False
Is 52174502 a prime number?
False
Is 13689187 composite?
False
Is 342804977 a composite number?
True
Is 90429253 a composite number?
False
Is 418135961 composite?
True
Is 35854405 a prime number?
False
Is 2814683 a composite number?
False
Is 842467 a composite number?
True
Is 2393117 prime?
False
Is 8847086 prime?
False
Is 546824569 a composite number?
False
Is 242756639 composite?
True
Is 1249013 prime?
True
Is 34992791 composite?
False
Is 70113809 prime?
True
Is 2476505 a composite number?
True
Is 113756341 composite?
False
Is 90365783 prime?
True
Is 4471369 composite?
True
Is 199891709 a composite number?
False
Is 920587979 a composite number?
False
Is 135312935 prime?
False
Is 1847489 a composite number?
True
Is 16214717 composite?
True
Is 33904261 prime?
False
Is 152500807 a composite number?
False
Is 19384139 a composite number?
False
Is 683513 a prime number?
True
Is 214989961 a prime number?
True
Is 254091 composite?
True
Is 10067699 composite?
False
Is 151991 prime?
False
Is 21550501 a prime number?
False
Is 87488207 composite?
False
Is 116757557 prime?
False
Is 394313947 composite?
False
Is 221505283 composite?
True
Is 142708483 a prime number?
True
Is 1397105 composite?
True
Is 10226719 a prime number?
True
Is 478930193 a composite number?
True
Is 12976707 prime?
False
Is 15569633 a composite number?
False
Is 20329409 composite?
True
Is 26986549 prime?
True
Is 2144300921 composite?
True
Is 1678687 a prime number?
True
Is 525871 a composite number?
False
Is 1097221 a composite number?
False
Is 278428531 a composite number?
True
Is 14868883 prime?
False
Is 85414943 a composite number?
False
Is 82307497 composite?
False
Is 267735139 composite?
True
Is 10998973 a prime number?
True
Is 61409639 a composite number?
False
Is 3514381 a composite number?
True
Is 793021 composite?
True
Is 4112921 a prime number?
False
Is 136921223 composite?
True
Is 2430539 prime?
True
Is 1184297923 prime?
True
Is 22787907 a composite number?
True
Is 722679823 a composite number?
True
Is 17259629 composite?
False
Is 132355253 prime?
False
Is 21959983 a prime number?
False
Is 336937 prime?
False
Is 1326359 a prime number?
True
Is 139791635 prime?
False
Is 21101243 prime?
True
Is 54451933 composite?
False
Is 31265527 a prime number?
True
Is 8224103 a composite number?
True
Is 33033787 a prime number?
False
Is 919252831 a composite number?
True
Is 30347059 a composite number?
False
Is 12986873 prime?
False
Is 9489751 a composite number?
True
Is 6018035 a composite number?
True
Is 16717469 a prime number?
False
Is 23849101 a prime number?
False
Is 5079079 prime?
True
Is 4198251 composite?
True
Is 352181 a prime number?
True
Is 231507701 composite?
False
Is 37456427 composite?
False
Is 129798119 a composite number?
True
Is 14319413 a prime number?
True
Is 4109569 a prime number?
False
Is 15149957 a prime number?
False
Is 30442811 a composite number?
True
Is 39489403 a composite number?
False
Is 64271 composite?
False
Is 21012065 prime?
False
Is 1042451 a prime number?
True
Is 392312681 prime?
True
Is 10141283 prime?
False
Is 1641943 composite?
True
Is 22189 prime?
True
Is 34415 composite?
True
Is 63593938 composite?
True
Is 675346093 a prime number?
True
Is 6987641 a prime number?
False
Is 2735659 composite?
True
Is 357685651 prime?
False
Is 614208697 composite?
False
Is 116153 prime?
False
Is 11441041 a composite number?
False
Is 6332363 a prime number?
True
Is 10067087 prime?
False
Is 1854287 composite?
True
Is 28353029 prime?
True
Is 771073 a prime number?
True
Is 321623 a prime number?
False
Is 312903329 a prime number?
True
Is 1035583 prime?
False
Is 8479853 composite?
False
Is 21099007 a composite number?
False
Is 88757467 composite?
False
Is 218383237 a composi